{"id":2036,"date":"2023-02-01T08:33:05","date_gmt":"2023-02-01T07:33:05","guid":{"rendered":"https:\/\/www.stadtwerke-zerbst.de\/svz\/?page_id=2036"},"modified":"2023-02-01T08:35:45","modified_gmt":"2023-02-01T07:35:45","slug":"strompreisbremse","status":"publish","type":"page","link":"https:\/\/www.stadtwerke-zerbst.de\/svz\/strompreisbremse\/","title":{"rendered":"Strompreisbremse"},"content":{"rendered":"[vc_row type=&#8220;in_container&#8220; full_screen_row_position=&#8220;middle&#8220; column_margin=&#8220;default&#8220; column_direction=&#8220;default&#8220; column_direction_tablet=&#8220;default&#8220; column_direction_phone=&#8220;default&#8220; scene_position=&#8220;center&#8220; text_color=&#8220;dark&#8220; text_align=&#8220;left&#8220; row_border_radius=&#8220;none&#8220; row_border_radius_applies=&#8220;bg&#8220; overflow=&#8220;visible&#8220; overlay_strength=&#8220;0.3&#8243; gradient_direction=&#8220;left_to_right&#8220; shape_divider_position=&#8220;bottom&#8220; bg_image_animation=&#8220;none&#8220;][vc_column column_padding=&#8220;padding-4-percent&#8220; column_padding_tablet=&#8220;inherit&#8220; column_padding_phone=&#8220;inherit&#8220; column_padding_position=&#8220;top&#8220; column_element_spacing=&#8220;default&#8220; background_color_opacity=&#8220;1&#8243; background_hover_color_opacity=&#8220;1&#8243; column_shadow=&#8220;none&#8220; column_border_radius=&#8220;none&#8220; column_link_target=&#8220;_self&#8220; column_position=&#8220;default&#8220; advanced_gradient_angle=&#8220;0&#8243; gradient_direction=&#8220;left_to_right&#8220; overlay_strength=&#8220;0.3&#8243; width=&#8220;1\/1&#8243; tablet_width_inherit=&#8220;default&#8220; tablet_text_alignment=&#8220;default&#8220; phone_text_alignment=&#8220;default&#8220; animation_type=&#8220;default&#8220; bg_image_animation=&#8220;none&#8220; border_type=&#8220;simple&#8220; column_border_width=&#8220;none&#8220; column_border_style=&#8220;solid&#8220; gradient_type=&#8220;default&#8220;][vc_column_text css=&#8220;.vc_custom_1675236865113{margin-bottom: 30px !important;}&#8220;]\n<h2>Energiepreisbremsen f\u00fcr Kunden der <strong>Stromversorgung Zerbst<\/strong> <strong>GmbH &amp; Co.KG<\/strong><\/h2>\n[\/vc_column_text][vc_column_text]Um die derzeitige Belastung aller Energiekunden angesichts der angespannten energiepolitischen Lage zu d\u00e4mpfen, hat die Bundesregierung Ende 2022 Preisbremsen f\u00fcr Strom, Gas und W\u00e4rme beschlossen. Ab 1. M\u00e4rz 2023 werden diese Entlastungen umgesetzt.<\/p>\n<p><strong>Sie m\u00fcssen selbst nicht aktiv werden, um von der Entlastung zu profitieren. Ab Mitte Februar werden wir unsere Kundinnen und Kunden anschreiben und \u00fcber Ihre konkreten Entlastungen informieren.<\/strong><\/p>\n<p>Ziel der Bundesregierung ist eine direkt sp\u00fcrbare monatliche Entlastung, die \u00fcber angepasste Abschl\u00e4ge an alle anspruchsberechtigten <a href=\"#letztverbraucher\">Letztverbraucher<\/a> weitergegeben werden soll. Anspruchsberechtigt in diesem Sinne sind alle Kunden mit einem direkten Liefervertrag f\u00fcr Strom, Gas oder W\u00e4rme.[\/vc_column_text][\/vc_column][\/vc_row][vc_row type=&#8220;in_container&#8220; full_screen_row_position=&#8220;middle&#8220; column_margin=&#8220;default&#8220; column_direction=&#8220;default&#8220; column_direction_tablet=&#8220;default&#8220; column_direction_phone=&#8220;default&#8220; scene_position=&#8220;center&#8220; text_color=&#8220;dark&#8220; text_align=&#8220;left&#8220; row_border_radius=&#8220;none&#8220; row_border_radius_applies=&#8220;bg&#8220; overflow=&#8220;visible&#8220; overlay_strength=&#8220;0.3&#8243; gradient_direction=&#8220;left_to_right&#8220; shape_divider_position=&#8220;bottom&#8220; bg_image_animation=&#8220;none&#8220;][vc_column column_padding=&#8220;padding-4-percent&#8220; column_padding_tablet=&#8220;inherit&#8220; column_padding_phone=&#8220;inherit&#8220; column_padding_position=&#8220;top&#8220; column_element_spacing=&#8220;default&#8220; background_color_opacity=&#8220;1&#8243; background_hover_color_opacity=&#8220;1&#8243; column_shadow=&#8220;none&#8220; column_border_radius=&#8220;none&#8220; column_link_target=&#8220;_self&#8220; column_position=&#8220;default&#8220; advanced_gradient_angle=&#8220;0&#8243; gradient_direction=&#8220;left_to_right&#8220; overlay_strength=&#8220;0.3&#8243; width=&#8220;1\/1&#8243; tablet_width_inherit=&#8220;default&#8220; tablet_text_alignment=&#8220;default&#8220; phone_text_alignment=&#8220;default&#8220; animation_type=&#8220;default&#8220; bg_image_animation=&#8220;none&#8220; border_type=&#8220;simple&#8220; column_border_width=&#8220;none&#8220; column_border_style=&#8220;solid&#8220; gradient_type=&#8220;default&#8220;][vc_column_text]\n<h2>Strompreisbremse<\/h2>\n<p><em>Informationen zur staatlichen Entlastung nach StromBPG<\/em><\/p>\n<p>Die Strompreisbremse wurde Ende 2022 als Reaktion auf die gestiegenen Energiekosten von der Bundesregierung beschlossen. Sie entlastet private Haushalte und kleine Unternehmen bis 30.000 kWh Verbrauch \/ Jahr direkt und wird aus Bundesmitteln finanziert.<\/p>\n<p>Die <strong>Strompreisbremse gilt vom 01. M\u00e4rz 2023 bis 31. Dezember 2023<\/strong> und umfasst r\u00fcckwirkend auch die Monate Januar und Februar 2023. Zus\u00e4tzlich kann die G\u00fcltigkeit bei Bedarf bis April 2024 verl\u00e4ngert werden.<\/p>\n<p><strong>Das Wichtigste vorab: Um von der Preisbremse zu profitieren, m\u00fcssen Sie selbst nichts tun!<\/strong> Wir ber\u00fccksichtigen den staatlichen Entlastungsbetrag f\u00fcr unsere Strom- und Heizstromkunden und passen Ihre Abschl\u00e4ge automatisch bis sp\u00e4testens zum 1. M\u00e4rz 2023 an. Sie erhalten dazu eine neue Abschlagsrechnung von uns.[\/vc_column_text][divider line_type=&#8220;Full Width Line&#8220; line_thickness=&#8220;1&#8243; divider_color=&#8220;accent-color&#8220;][\/vc_column][\/vc_row][vc_row type=&#8220;in_container&#8220; full_screen_row_position=&#8220;middle&#8220; column_margin=&#8220;default&#8220; column_direction=&#8220;default&#8220; column_direction_tablet=&#8220;default&#8220; column_direction_phone=&#8220;default&#8220; scene_position=&#8220;center&#8220; text_color=&#8220;dark&#8220; text_align=&#8220;left&#8220; row_border_radius=&#8220;none&#8220; row_border_radius_applies=&#8220;bg&#8220; overflow=&#8220;visible&#8220; overlay_strength=&#8220;0.3&#8243; gradient_direction=&#8220;left_to_right&#8220; shape_divider_position=&#8220;bottom&#8220; bg_image_animation=&#8220;none&#8220;][vc_column column_padding=&#8220;no-extra-padding&#8220; column_padding_tablet=&#8220;inherit&#8220; column_padding_phone=&#8220;inherit&#8220; column_padding_position=&#8220;all&#8220; column_element_spacing=&#8220;default&#8220; background_color_opacity=&#8220;1&#8243; background_hover_color_opacity=&#8220;1&#8243; column_shadow=&#8220;none&#8220; column_border_radius=&#8220;none&#8220; column_link_target=&#8220;_self&#8220; column_position=&#8220;default&#8220; advanced_gradient_angle=&#8220;0&#8243; gradient_direction=&#8220;left_to_right&#8220; overlay_strength=&#8220;0.3&#8243; width=&#8220;2\/3&#8243; tablet_width_inherit=&#8220;default&#8220; tablet_text_alignment=&#8220;default&#8220; phone_text_alignment=&#8220;default&#8220; animation_type=&#8220;default&#8220; bg_image_animation=&#8220;none&#8220; border_type=&#8220;simple&#8220; column_border_width=&#8220;none&#8220; column_border_style=&#8220;solid&#8220; gradient_type=&#8220;default&#8220;][vc_column_text css=&#8220;.vc_custom_1675151800444{margin-bottom: 30px !important;}&#8220;]\n<h4>So geht\u2019s : Berechnung der Strompreisbremse f\u00fcr private Haushalte und Unternehmen bis 30.000 kWh<\/h4>\n[\/vc_column_text]<div class=\"nectar-fancy-ul\" data-list-icon=\"icon-salient-thin-line\" data-animation=\"false\" data-animation-delay=\"0\" data-color=\"accent-color\" data-spacing=\"20px\" data-alignment=\"left\"> \n<ul>\n<li>der <strong>Netzbetreiber<\/strong> ermittelt f\u00fcr Sie und Ihre Lieferstelle eine <a href=\"#jahresverbrauchsprognose\"><strong>Jahresverbrauchsprognose <\/strong><\/a><\/li>\n<li>f\u00fcr ein <strong>Grundkontingent von 80% dieser Jahresverbrauchsprognose (=<a href=\"#entlastungskontingent\">Entlastungskontingent<\/a>)<\/strong> wird der <strong>Strompreis <\/strong>wird f\u00fcr private Verbraucher sowie\u00a0kleine und mittlere Unternehmen bis 30.000 kWh bei <strong>40 Cent (brutto) pro Kilowattstunde<\/strong><\/li>\n<li>F\u00fcr jede weitere verbrauchte Kilowattstunde wird der vertraglich vereinbarte Arbeitspreis abgerechnet. Der Grundpreis bleibt unver\u00e4ndert.<\/li>\n<\/ul>\n <\/div>[\/vc_column][vc_column column_padding=&#8220;padding-5-percent&#8220; column_padding_tablet=&#8220;inherit&#8220; column_padding_phone=&#8220;inherit&#8220; column_padding_position=&#8220;all&#8220; column_element_spacing=&#8220;default&#8220; background_color=&#8220;#e2e2e2&#8243; background_color_opacity=&#8220;1&#8243; background_hover_color_opacity=&#8220;1&#8243; column_shadow=&#8220;none&#8220; column_border_radius=&#8220;none&#8220; column_link_target=&#8220;_self&#8220; column_position=&#8220;default&#8220; advanced_gradient_angle=&#8220;0&#8243; gradient_direction=&#8220;left_to_right&#8220; overlay_strength=&#8220;0.3&#8243; width=&#8220;1\/3&#8243; tablet_width_inherit=&#8220;default&#8220; tablet_text_alignment=&#8220;default&#8220; phone_text_alignment=&#8220;default&#8220; animation_type=&#8220;default&#8220; bg_image_animation=&#8220;none&#8220; border_type=&#8220;simple&#8220; column_border_width=&#8220;none&#8220; column_border_style=&#8220;solid&#8220; gradient_type=&#8220;default&#8220;][vc_column_text]F\u00fcr Kunden mit einem prognostizierten Verbrauch \u00fcber 30.000 Kilowattstunden greift die Preisbremse ebenfalls, allerdings mit abweichenden Parametern. F\u00fcr diese Kundengruppe gelten 70 % der Jahresverbrauchsprognose als Grundkontingent, das mit einem Netto-Arbeitspreis von 13 Cent je Kilowattstunde gedeckelt wird.[\/vc_column_text][\/vc_column][\/vc_row][vc_row type=&#8220;in_container&#8220; full_screen_row_position=&#8220;middle&#8220; column_margin=&#8220;default&#8220; column_direction=&#8220;default&#8220; column_direction_tablet=&#8220;default&#8220; column_direction_phone=&#8220;default&#8220; scene_position=&#8220;center&#8220; text_color=&#8220;dark&#8220; text_align=&#8220;left&#8220; row_border_radius=&#8220;none&#8220; row_border_radius_applies=&#8220;bg&#8220; overflow=&#8220;visible&#8220; overlay_strength=&#8220;0.3&#8243; gradient_direction=&#8220;left_to_right&#8220; shape_divider_position=&#8220;bottom&#8220; bg_image_animation=&#8220;none&#8220;][vc_column column_padding=&#8220;no-extra-padding&#8220; column_padding_tablet=&#8220;inherit&#8220; column_padding_phone=&#8220;inherit&#8220; column_padding_position=&#8220;all&#8220; column_element_spacing=&#8220;default&#8220; background_color_opacity=&#8220;1&#8243; background_hover_color_opacity=&#8220;1&#8243; column_shadow=&#8220;none&#8220; column_border_radius=&#8220;none&#8220; column_link_target=&#8220;_self&#8220; column_position=&#8220;default&#8220; gradient_direction=&#8220;left_to_right&#8220; overlay_strength=&#8220;0.3&#8243; width=&#8220;1\/1&#8243; tablet_width_inherit=&#8220;default&#8220; tablet_text_alignment=&#8220;default&#8220; phone_text_alignment=&#8220;default&#8220; animation_type=&#8220;default&#8220; bg_image_animation=&#8220;none&#8220; border_type=&#8220;simple&#8220; column_border_width=&#8220;none&#8220; column_border_style=&#8220;solid&#8220;][divider line_type=&#8220;Full Width Line&#8220; line_thickness=&#8220;1&#8243; divider_color=&#8220;accent-color&#8220;][vc_column_text css=&#8220;.vc_custom_1675159078842{margin-top: 30px !important;margin-bottom: 40px !important;}&#8220;]\n<h2>FAQ: H\u00e4ufige Fragen zur Strompreisbremse<\/h2>\n[\/vc_column_text][toggles style=&#8220;default&#8220;][toggle color=&#8220;Default&#8220; heading_tag=&#8220;default&#8220; title=&#8220;Ab wann und wie lange gilt die Strompreisbremse?&#8220;][vc_column_text]Die Strompreisbremse wirkt f\u00fcr alle Stromkundinnen und -kunden ab Januar 2023 und f\u00fcr das gesamte Jahr 2023. Die Verrechnung der Entlastungsbetr\u00e4ge f\u00fcr Januar und Februar 2023 erfolgt im M\u00e4rz 2023. Eine Verl\u00e4ngerung bis einschlie\u00dflich April 2024 ist m\u00f6glich.[\/vc_column_text][\/toggle][toggle color=&#8220;Default&#8220; heading_tag=&#8220;default&#8220; title=&#8220;Was muss ich tun, um von der Strompreisbremse zu profitieren?&#8220;][vc_column_text]Sie m\u00fcssen nichts tun. Sie erhalten von uns eine aktualisierte Information, in der Ihr Entlastungsbetrag aus der Strompreisbremse entsprechend ber\u00fccksichtigt wird. Diese erhalten Sie sp\u00e4testens im M\u00e4rz 2023.[\/vc_column_text][\/toggle][toggle color=&#8220;Default&#8220; heading_tag=&#8220;default&#8220; title=&#8220;Wo kann ich meinen tats\u00e4chlichen Entlastungsbetrag sehen?&#8220;][vc_column_text]In der aktualisierten Information die Sie ab Mitte Februar von uns erhalten, f\u00fchren wir den f\u00fcr Ihren Anschluss ermittelten Entlastungsbetrag auf. Hier k\u00f6nnen Sie auch sehen, welche Jahresverbrauchsprognose der Netzbetreiber f\u00fcr Sie ermittelt hat.[\/vc_column_text][\/toggle][toggle color=&#8220;Default&#8220; heading_tag=&#8220;default&#8220; title=&#8220;Mein derzeitiger Arbeitspreis betr\u00e4gt weniger als 40 ct\/kWh. Zahle ich jetzt mehr?&#8220;][vc_column_text]In diesem Fall gilt die Strompreisbremse f\u00fcr Sie nicht. Sie zahlen weiterhin der Arbeitspreis Ihres aktuell laufenden Vertrags. Sollten sich Ihre Konditionen im n\u00e4chsten Vertragszeitraum auf mehr als 40 Cent je Kilowattstunde erh\u00f6hen, greift die Preisbremse selbstverst\u00e4ndlich auch f\u00fcr Sie ganz automatisch.[\/vc_column_text][\/toggle][toggle color=&#8220;Default&#8220; heading_tag=&#8220;default&#8220; title=&#8220;Muss ich meinen monatlichen Abschlag selbst anpassen?&#8220;][vc_column_text]Die Entlastung unserer Kunden wird ab M\u00e4rz 2023 automatisch \u00fcber gesenkte monatliche Abschl\u00e4ge erfolgen. Sie erhalten dazu eine angepasste Abschlagsrechnung. Nat\u00fcrlich d\u00fcrfen Sie unabh\u00e4ngig davon Ihre Abschl\u00e4ge selbst anpassen.[\/vc_column_text][\/toggle][toggle color=&#8220;Default&#8220; heading_tag=&#8220;default&#8220; title=&#8220;Was gilt, wenn ich gerade umgezogen bin?&#8220;][vc_column_text]Ihr pers\u00f6nliches Entlastungskontingent wird auf Basis der Jahresprognose vom Netzbetreiber f\u00fcr Ihre neue Lieferstelle, also in diesem Fall f\u00fcr den Anschluss in der neuen Wohnung bereitgestellt und bildet so ggf. anteilig die Grundlage f\u00fcr die Berechnung des Entlastungsbetrages aus der Strompreisbremse. Je nachdem wann Sie umziehen, erhalten Sie die Entlastung anteilig f\u00fcr jede Wohnung.[\/vc_column_text][\/toggle][\/toggles][divider line_type=&#8220;Full Width Line&#8220; line_thickness=&#8220;2&#8243; divider_color=&#8220;accent-color&#8220;][\/vc_column][\/vc_row][vc_row type=&#8220;in_container&#8220; full_screen_row_position=&#8220;middle&#8220; column_margin=&#8220;default&#8220; column_direction=&#8220;default&#8220; column_direction_tablet=&#8220;default&#8220; column_direction_phone=&#8220;default&#8220; scene_position=&#8220;center&#8220; text_color=&#8220;dark&#8220; text_align=&#8220;left&#8220; row_border_radius=&#8220;none&#8220; row_border_radius_applies=&#8220;bg&#8220; overflow=&#8220;visible&#8220; overlay_strength=&#8220;0.3&#8243; gradient_direction=&#8220;left_to_right&#8220; shape_divider_position=&#8220;bottom&#8220; bg_image_animation=&#8220;none&#8220;][vc_column column_padding=&#8220;no-extra-padding&#8220; column_padding_tablet=&#8220;inherit&#8220; column_padding_phone=&#8220;inherit&#8220; column_padding_position=&#8220;all&#8220; column_element_spacing=&#8220;default&#8220; background_color_opacity=&#8220;1&#8243; background_hover_color_opacity=&#8220;1&#8243; column_shadow=&#8220;none&#8220; column_border_radius=&#8220;none&#8220; column_link_target=&#8220;_self&#8220; column_position=&#8220;default&#8220; gradient_direction=&#8220;left_to_right&#8220; overlay_strength=&#8220;0.3&#8243; width=&#8220;1\/1&#8243; tablet_width_inherit=&#8220;default&#8220; tablet_text_alignment=&#8220;default&#8220; phone_text_alignment=&#8220;default&#8220; animation_type=&#8220;default&#8220; bg_image_animation=&#8220;none&#8220; border_type=&#8220;simple&#8220; column_border_width=&#8220;none&#8220; column_border_style=&#8220;solid&#8220;][vc_column_text css=&#8220;.vc_custom_1675159654647{margin-bottom: 30px !important;}&#8220;]\n<h3>Kurz erkl\u00e4rt:<\/h3>\n[\/vc_column_text][vc_column_text]\n<h4 id=\"letztverbraucher\">Letztverbraucher<\/h4>\n<p>Letztverbraucher ist jeder, der die bezogene Energie (Strom, Gas, W\u00e4rme) selbst verbraucht.[\/vc_column_text][vc_column_text css=&#8220;.vc_custom_1675160547450{margin-top: 40px !important;}&#8220;]\n<h4 id=\"jahresverbrauchsprognose\">Jahresverbrauchsprognose<\/h4>\n<p>Als Jahresverbrauchsprognose wird der vom Netzbetreiber oder Lieferanten ermittelte Wert an Kilowattstunden f\u00fcr Ihre Lieferstelle bezeichnet. In der Regel erfolgt diese Prognose &#8211; f\u00fcr Gas und Fernw\u00e4rme temperaturbereinigt &#8211; in Ann\u00e4herung an Ihren letzten abgerechneten Jahresverbrauch.\u00a0Abweichend von dieser Berechnung wird f\u00fcr Kunden mit einem intelligenten Messsystem oder registrierender Leistungsmessung (RLM) \u00a0als Jahresverbrauchsprognose der Jahresverbrauch aus dem Kalenderjahr 2021 angesetzt.<\/p>\n<p><strong>Was bedeutet eine Temperaturbereinigung bei der Ermittlung der prognostizierten Menge?<\/strong><\/p>\n<p>F\u00fcr die Ermittlung der Jahresverbrauchsprognose werden die bisherigen Jahresverbr\u00e4uche zu ihrer Lieferstelle herangezogen und um \u00e4u\u00dfere Einfl\u00fcsse, wie z.B. die Temperatur bereinigt. Mit dieser Bereinigung wird vermieden, dass vorangegangene besonders kalte oder besonders milde Winter Einfluss auf die Prognose haben. Man nutzt hierzu sogenannte Heizgradtage. Immer wenn die Temperatur unter 15\u00b0C f\u00e4llt, spricht man von einem Heiztag.<\/p>\n<p>Um die Jahresverbrauchsprognose verl\u00e4sslich zu prognostizieren, werden die Heizgradtage des Prognosezeitraums ins Verh\u00e4ltnis gesetzt zu den durchschnittlichen Heizgradtagen \u00fcber einen l\u00e4ngeren Zeitraum davor. Daraus ergibt sich ein Korrekturfaktor mit Hilfe dessen dann die Verbrauchsprognose f\u00fcr die Anwendung der Preisbremsen ermittelt wird. Es kann also sein, dass die f\u00fcr die Entlastungsberechnung zu Grunde gelegte Menge an Kilowattstunden von Ihrem letzten Jahresverbrauch abweicht.[\/vc_column_text][vc_column_text css=&#8220;.vc_custom_1675160583028{margin-top: 40px !important;}&#8220;]\n<h4 id=\"entlastungskontingent\">Entlastungskontingent<\/h4>\n<p>Das Entlastungskontingent stellt auf Basis der Jahresverbrauchsprognose die Menge an Kilowattstunden dar, f\u00fcr die der gebremste Preis angewendet wird.<\/p>\n<p>F\u00fcr Haushaltskunden und kleinere Unternehmen<\/p>\n<ul class=\"check check--cyan\">\n<li>bis 30.000 kWh im Strom und<\/li>\n<li>bis 1,5 Mio. kWh im Gas<\/li>\n<\/ul>\n<p>betr\u00e4gt das Entlastungskontingent 80 % der Jahresverbrauchsprognose<\/p>\n<p>F\u00fcr Kunden, die \u00fcber den genannten Mengen liegen oder nach registrierender Leistungsmessung abgerechnet werden, werden 70 % der Jahresverbrauchsprognose als Grundkontingent angesetzt.[\/vc_column_text][vc_column_text css=&#8220;.vc_custom_1675161551333{margin-top: 40px !important;}&#8220;]\n<h4 id=\"referenzpreis\">Referenzpreis<\/h4>\n<p>Der Referenzpreis ist der staatlich fixierte Preis (= ugs. Preisdeckel), der mit dem f\u00fcr Sie g\u00fcltigen Arbeitspreis gem\u00e4\u00df Vertrag ins Verh\u00e4ltnis gesetzt wird. Dieser Preisdeckel ist der Grenzwert bis zu dem der Staat die Differenz gegen\u00fcber Ihrem vertraglich vereinbarten Arbeitspreis \u00fcbernimmt. Er bildet die Grundlage f\u00fcr die Ermittlung des Entlastungsbetrages.[\/vc_column_text][vc_column_text css=&#8220;.vc_custom_1675161616188{margin-top: 40px !important;}&#8220;]\n<h4 id=\"entlastungsbetrag\">Entlastungsbetrag<\/h4>\n<p>Ist der Geldbetrag, der Ihrem Vertragskonto im Zuge der Anwendung der Preisbremsen gutgeschrieben wird. Der Entlastungsbetrag berechnet sich aus dem f\u00fcr Sie g\u00fcltigen Entlastungskontingent und dem f\u00fcr die jeweilige Preisbremse g\u00fcltigen Referenzpreis.<\/p>\n[\/vc_column_text][\/vc_column][\/vc_row]\n","protected":false},"excerpt":{"rendered":"<p>[vc_row type=&#8220;in_container&#8220; full_screen_row_position=&#8220;middle&#8220; column_margin=&#8220;default&#8220; column_direction=&#8220;default&#8220; column_direction_tablet=&#8220;default&#8220; column_direction_phone=&#8220;default&#8220; scene_position=&#8220;center&#8220; text_color=&#8220;dark&#8220; text_align=&#8220;left&#8220; row_border_radius=&#8220;none&#8220; row_border_radius_applies=&#8220;bg&#8220; overflow=&#8220;visible&#8220; overlay_strength=&#8220;0.3&#8243; gradient_direction=&#8220;left_to_right&#8220; shape_divider_position=&#8220;bottom&#8220; bg_image_animation=&#8220;none&#8220;][vc_column column_padding=&#8220;padding-4-percent&#8220; column_padding_tablet=&#8220;inherit&#8220; column_padding_phone=&#8220;inherit&#8220; column_padding_position=&#8220;top&#8220; column_element_spacing=&#8220;default&#8220; background_color_opacity=&#8220;1&#8243; background_hover_color_opacity=&#8220;1&#8243; column_shadow=&#8220;none&#8220; column_border_radius=&#8220;none&#8220; column_link_target=&#8220;_self&#8220; column_position=&#8220;default&#8220; advanced_gradient_angle=&#8220;0&#8243; gradient_direction=&#8220;left_to_right&#8220;&#8230;<\/p>\n","protected":false},"author":6,"featured_media":0,"parent":0,"menu_order":0,"comment_status":"closed","ping_status":"closed","template":"","meta":{"_exactmetrics_skip_tracking":false,"_exactmetrics_sitenote_active":false,"_exactmetrics_sitenote_note":"","_exactmetrics_sitenote_category":0,"footnotes":""},"class_list":["post-2036","page","type-page","status-publish"],"_links":{"self":[{"href":"https:\/\/www.stadtwerke-zerbst.de\/svz\/wp-json\/wp\/v2\/pages\/2036","targetHints":{"allow":["GET"]}}],"collection":[{"href":"https:\/\/www.stadtwerke-zerbst.de\/svz\/wp-json\/wp\/v2\/pages"}],"about":[{"href":"https:\/\/www.stadtwerke-zerbst.de\/svz\/wp-json\/wp\/v2\/types\/page"}],"author":[{"embeddable":true,"href":"https:\/\/www.stadtwerke-zerbst.de\/svz\/wp-json\/wp\/v2\/users\/6"}],"replies":[{"embeddable":true,"href":"https:\/\/www.stadtwerke-zerbst.de\/svz\/wp-json\/wp\/v2\/comments?post=2036"}],"version-history":[{"count":28,"href":"https:\/\/www.stadtwerke-zerbst.de\/svz\/wp-json\/wp\/v2\/pages\/2036\/revisions"}],"predecessor-version":[{"id":2066,"href":"https:\/\/www.stadtwerke-zerbst.de\/svz\/wp-json\/wp\/v2\/pages\/2036\/revisions\/2066"}],"wp:attachment":[{"href":"https:\/\/www.stadtwerke-zerbst.de\/svz\/wp-json\/wp\/v2\/media?parent=2036"}],"curies":[{"name":"wp","href":"https:\/\/api.w.org\/{rel}","templated":true}]}}