{"id":84,"date":"2015-11-26T09:38:05","date_gmt":"2015-11-26T08:38:05","guid":{"rendered":"http:\/\/www.stadtwerke-zerbst.de\/gsz\/?page_id=84"},"modified":"2025-07-23T15:18:20","modified_gmt":"2025-07-23T13:18:20","slug":"dienstleistungscenter-kontakt-erdgas","status":"publish","type":"page","link":"https:\/\/www.stadtwerke-zerbst.de\/gsz\/dienstleistungscenter-kontakt-erdgas\/","title":{"rendered":"Dienstleistungscenter \/ Kontakt Erdgas"},"content":{"rendered":"[vc_row type=&#8220;in_container&#8220; full_screen_row_position=&#8220;middle&#8220; column_margin=&#8220;default&#8220; column_direction=&#8220;default&#8220; column_direction_tablet=&#8220;default&#8220; column_direction_phone=&#8220;default&#8220; bg_color=&#8220;#3fb498&#8243; scene_position=&#8220;center&#8220; top_padding=&#8220;20&#8243; text_color=&#8220;dark&#8220; text_align=&#8220;center&#8220; row_border_radius=&#8220;none&#8220; row_border_radius_applies=&#8220;bg&#8220; overflow=&#8220;visible&#8220; disable_element=&#8220;yes&#8220; overlay_strength=&#8220;0.3&#8243; gradient_direction=&#8220;left_to_right&#8220; shape_divider_position=&#8220;bottom&#8220; bg_image_animation=&#8220;none&#8220; shape_type=&#8220;&#8220;][vc_column column_padding=&#8220;no-extra-padding&#8220; column_padding_tablet=&#8220;inherit&#8220; column_padding_phone=&#8220;inherit&#8220; column_padding_position=&#8220;all&#8220; column_element_spacing=&#8220;default&#8220; background_color_opacity=&#8220;1&#8243; background_hover_color_opacity=&#8220;1&#8243; column_shadow=&#8220;none&#8220; column_border_radius=&#8220;none&#8220; column_link_target=&#8220;_self&#8220; column_position=&#8220;default&#8220; gradient_direction=&#8220;left_to_right&#8220; overlay_strength=&#8220;0.3&#8243; width=&#8220;1\/1&#8243; tablet_width_inherit=&#8220;default&#8220; tablet_text_alignment=&#8220;default&#8220; phone_text_alignment=&#8220;default&#8220; animation_type=&#8220;default&#8220; bg_image_animation=&#8220;none&#8220; border_type=&#8220;simple&#8220; column_border_width=&#8220;none&#8220; column_border_style=&#8220;solid&#8220;][vc_column_text]\n<div id=\"fws_5e6f638e28585\" class=\"wpb_row vc_row-fluid vc_row standard_section \" data-midnight=\"dark\" data-bg-mobile-hidden=\"\">\n<div class=\"col span_12 dark left\">\n<div class=\"vc_col-sm-12 wpb_column column_container vc_column_container col no-extra-padding instance-1\" data-border-radius=\"none\" data-shadow=\"none\" data-border-animation=\"\" data-border-animation-delay=\"\" data-border-width=\"none\" data-border-style=\"solid\" data-border-color=\"\" data-bg-cover=\"\" data-padding-pos=\"all\" data-has-bg-color=\"false\" data-bg-color=\"\" data-bg-opacity=\"1\" data-hover-bg=\"\" data-hover-bg-opacity=\"1\" data-animation=\"\" data-delay=\"0\">\n<div class=\"vc_column-inner\">\n<div class=\"wpb_wrapper\">\n<div class=\"wpb_text_column wpb_content_element \">\n<div class=\"wpb_wrapper\">\n<div id=\"fws_5e6f62c2267f9\" class=\"wpb_row vc_row-fluid vc_row standard_section \" data-midnight=\"dark\" data-bg-mobile-hidden=\"\">\n<div class=\"col span_12 dark left\">\n<div class=\"vc_col-sm-12 wpb_column column_container vc_column_container col no-extra-padding instance-1 instance-2\" data-border-radius=\"none\" data-shadow=\"none\" data-border-animation=\"\" data-border-animation-delay=\"\" data-border-width=\"none\" data-border-style=\"solid\" data-border-color=\"\" data-bg-cover=\"\" data-padding-pos=\"all\" data-has-bg-color=\"false\" data-bg-color=\"\" data-bg-opacity=\"1\" data-hover-bg=\"\" data-hover-bg-opacity=\"1\" data-animation=\"\" data-delay=\"0\">\n<div class=\"vc_column-inner\">\n<div class=\"wpb_wrapper\">\n<div class=\"wpb_text_column wpb_content_element \">\n<div class=\"wpb_wrapper\">\n<p class=\"bodytext\"><span style=\"color: #000000;\"><strong>Liebe Kundinnen und Kunden,<\/strong><\/span><\/p>\n<p class=\"bodytext\"><span style=\"color: #000000;\"><strong>zu Ihrem und zum Schutz unserer Mitarbeiter bleibt unser Dienstleistungscenter auf Grund der aktuellen Pandemiesituation bis auf weiteres geschlossen.<\/strong><\/span><\/p>\n<p class=\"bodytext\"><span style=\"color: #000000;\"><strong>Wir bleiben f\u00fcr Sie aber w\u00e4hrend unsere regul\u00e4ren \u00d6ffnungszeiten telefonisch erreichbar: (0 39 23) 486 80 00<\/strong><\/span><\/p>\n<p class=\"bodytext\"><span style=\"color: #000000;\"><strong>Bleiben Sie gesund!<\/strong><\/span><\/p>\n<p class=\"bodytext\"><span style=\"color: #000000;\"><strong>Ihr Team vom Kundenservice der Gasstadtwerke Zerbst<\/strong><\/span><\/p>\n<h3 style=\"text-align: center;\"><strong><span style=\"color: #000000;\">\u00a0<\/span><\/strong><\/h3>\n<\/div>\n<\/div>\n<\/div>\n<\/div>\n<\/div>\n<\/div>\n<\/div>\n<\/div>\n<\/div>\n<\/div>\n<\/div>\n<\/div>\n<\/div>\n<\/div>\n[\/vc_column_text][\/vc_column][\/vc_row][vc_row type=&#8220;in_container&#8220; full_screen_row_position=&#8220;middle&#8220; column_margin=&#8220;default&#8220; column_direction=&#8220;default&#8220; column_direction_tablet=&#8220;default&#8220; column_direction_phone=&#8220;default&#8220; scene_position=&#8220;center&#8220; text_color=&#8220;dark&#8220; text_align=&#8220;left&#8220; row_border_radius=&#8220;none&#8220; row_border_radius_applies=&#8220;bg&#8220; overflow=&#8220;visible&#8220; overlay_strength=&#8220;0.3&#8243; gradient_direction=&#8220;left_to_right&#8220; shape_divider_position=&#8220;bottom&#8220; bg_image_animation=&#8220;none&#8220;][vc_column column_padding=&#8220;no-extra-padding&#8220; column_padding_tablet=&#8220;inherit&#8220; column_padding_phone=&#8220;inherit&#8220; column_padding_position=&#8220;all&#8220; column_element_spacing=&#8220;default&#8220; background_color_opacity=&#8220;1&#8243; background_hover_color_opacity=&#8220;1&#8243; column_shadow=&#8220;none&#8220; column_border_radius=&#8220;none&#8220; column_link_target=&#8220;_self&#8220; column_position=&#8220;default&#8220; gradient_direction=&#8220;left_to_right&#8220; overlay_strength=&#8220;0.3&#8243; width=&#8220;1\/1&#8243; tablet_width_inherit=&#8220;default&#8220; tablet_text_alignment=&#8220;default&#8220; phone_text_alignment=&#8220;default&#8220; animation_type=&#8220;default&#8220; bg_image_animation=&#8220;none&#8220; border_type=&#8220;simple&#8220; column_border_width=&#8220;none&#8220; column_border_style=&#8220;solid&#8220;][vc_column_text]\n<h2>Service<\/h2>\n<hr style=\"width: 100%; height: 1px; margin-left: 70 px; margin-right: 70 px; color: #48b193;\" \/>\n[divider line_type=&#8220;No Line&#8220; custom_height=&#8220;10&#8243;]\n<p>Sie haben Fragen rund um Ihre Erdgasversorgung? Dann kommen Sie doch in unserem Dienstleistungscenter vorbei oder rufen Sie uns an. Wir freuen uns auf Sie.<\/p>\n[divider line_type=&#8220;No Line&#8220; custom_height=&#8220;10&#8243;]\n<h4>\u00d6ffnungszeiten<\/h4>\n<table style=\"height: 63px;\" width=\"377\">\n<tbody>\n<tr>\n<td>Montag<\/td>\n<td>09.00 bis 12.00 Uhr und<\/p>\n<p>12.30 bis 15.00 Uhr<\/td>\n<\/tr>\n<tr>\n<td>Dienstag und Donnerstag<\/td>\n<td>09.00 bis 12.00 Uhr und<\/p>\n<p>12.30 Uhr bis 17.00 Uhr<\/td>\n<\/tr>\n<tr>\n<td>Freitag<\/td>\n<td>09.00 bis 12.00 Uhr<\/td>\n<\/tr>\n<\/tbody>\n<\/table>\n<h4>[divider line_type=&#8220;No Line&#8220; custom_height=&#8220;10&#8243;]<\/h4>\n<h4>Ihre Ansprechpartner f\u00fcr den Bereich Gas<\/h4>\n<table style=\"height: 160px;\" width=\"220\">\n<tbody>\n<tr>\n<td rowspan=\"3\">\n<h5>Sabine Schumann<img loading=\"lazy\" decoding=\"async\" class=\"size-full wp-image-151 alignleft\" src=\"https:\/\/www.stadtwerke-zerbst.de\/gsz\/wp-content\/uploads\/2015\/11\/avatar.jpg\" alt=\"avatar\" width=\"150\" height=\"210\" \/><\/h5>\n<\/td>\n<td>Tel: (0 39 23) 486 80 00<\/td>\n<\/tr>\n<tr>\n<td>Fax: (0 39 23) 486 80 50<\/td>\n<\/tr>\n<tr>\n<td>E-Mail: <a href=\"&#109;&#97;&#x69;l&#116;&#x6f;&#x3a;s&#46;&#x73;&#x63;h&#117;&#x68;&#x6d;a&#110;&#x6e;&#x40;e&#45;&#x6d;&#x73;&#46;&#100;&#x65;\">&#x73;&#x2e;&#115;c&#x68;&#x75;&#104;&#109;a&#x6e;&#x6e;&#64;&#101;-&#x6d;&#x73;&#46;de<\/a><\/td>\n<\/tr>\n<\/tbody>\n<\/table>\n<h4>[divider line_type=&#8220;No Line&#8220; custom_height=&#8220;10&#8243;]<\/h4>\n<p><strong>Notfallnummer\/Bereitschaftsdienst bei St\u00f6rungen f\u00fcr das Stadtgebiet Zerbst\/Anhalt<\/strong><\/p>\n[divider line_type=&#8220;No Line&#8220; custom_height=&#8220;10&#8243;]\n<p><span style=\"color: #48b193;\"><strong>Gas (0 39 23) 24 64<\/strong><\/span>[\/vc_column_text][\/vc_column][\/vc_row]\n","protected":false},"excerpt":{"rendered":"<p>[vc_row type=&#8220;in_container&#8220; full_screen_row_position=&#8220;middle&#8220; column_margin=&#8220;default&#8220; column_direction=&#8220;default&#8220; column_direction_tablet=&#8220;default&#8220; column_direction_phone=&#8220;default&#8220; bg_color=&#8220;#3fb498&#8243; scene_position=&#8220;center&#8220; top_padding=&#8220;20&#8243; text_color=&#8220;dark&#8220; text_align=&#8220;center&#8220; row_border_radius=&#8220;none&#8220; row_border_radius_applies=&#8220;bg&#8220; overflow=&#8220;visible&#8220; disable_element=&#8220;yes&#8220; overlay_strength=&#8220;0.3&#8243; gradient_direction=&#8220;left_to_right&#8220; shape_divider_position=&#8220;bottom&#8220; bg_image_animation=&#8220;none&#8220; shape_type=&#8220;&#8220;][vc_column column_padding=&#8220;no-extra-padding&#8220; column_padding_tablet=&#8220;inherit&#8220; column_padding_phone=&#8220;inherit&#8220; column_padding_position=&#8220;all&#8220; column_element_spacing=&#8220;default&#8220; background_color_opacity=&#8220;1&#8243; background_hover_color_opacity=&#8220;1&#8243; column_shadow=&#8220;none&#8220; column_border_radius=&#8220;none&#8220;&#8230;<\/p>\n","protected":false},"author":1,"featured_media":0,"parent":0,"menu_order":0,"comment_status":"closed","ping_status":"closed","template":"","meta":{"_exactmetrics_skip_tracking":false,"_exactmetrics_sitenote_active":false,"_exactmetrics_sitenote_note":"","_exactmetrics_sitenote_category":0,"footnotes":""},"class_list":["post-84","page","type-page","status-publish"],"_links":{"self":[{"href":"https:\/\/www.stadtwerke-zerbst.de\/gsz\/wp-json\/wp\/v2\/pages\/84","targetHints":{"allow":["GET"]}}],"collection":[{"href":"https:\/\/www.stadtwerke-zerbst.de\/gsz\/wp-json\/wp\/v2\/pages"}],"about":[{"href":"https:\/\/www.stadtwerke-zerbst.de\/gsz\/wp-json\/wp\/v2\/types\/page"}],"author":[{"embeddable":true,"href":"https:\/\/www.stadtwerke-zerbst.de\/gsz\/wp-json\/wp\/v2\/users\/1"}],"replies":[{"embeddable":true,"href":"https:\/\/www.stadtwerke-zerbst.de\/gsz\/wp-json\/wp\/v2\/comments?post=84"}],"version-history":[{"count":23,"href":"https:\/\/www.stadtwerke-zerbst.de\/gsz\/wp-json\/wp\/v2\/pages\/84\/revisions"}],"predecessor-version":[{"id":1213,"href":"https:\/\/www.stadtwerke-zerbst.de\/gsz\/wp-json\/wp\/v2\/pages\/84\/revisions\/1213"}],"wp:attachment":[{"href":"https:\/\/www.stadtwerke-zerbst.de\/gsz\/wp-json\/wp\/v2\/media?parent=84"}],"curies":[{"name":"wp","href":"https:\/\/api.w.org\/{rel}","templated":true}]}}