{"id":107,"date":"2015-11-26T10:09:45","date_gmt":"2015-11-26T09:09:45","guid":{"rendered":"http:\/\/www.stadtwerke-zerbst.de\/gsz\/?page_id=107"},"modified":"2019-03-28T14:46:40","modified_gmt":"2019-03-28T13:46:40","slug":"geschichte","status":"publish","type":"page","link":"https:\/\/www.stadtwerke-zerbst.de\/gsz\/geschichte\/","title":{"rendered":"Geschichte"},"content":{"rendered":"<p><img loading=\"lazy\" decoding=\"async\" class=\"wp-image-123 aligncenter\" src=\"https:\/\/www.stadtwerke-zerbst.de\/gsz\/wp-content\/uploads\/2015\/11\/1200px-Zerbst-1650-Merian.jpg\" alt=\"1200px-Zerbst-1650-Merian\" width=\"800\" height=\"195\" srcset=\"https:\/\/www.stadtwerke-zerbst.de\/gsz\/wp-content\/uploads\/2015\/11\/1200px-Zerbst-1650-Merian.jpg 1200w, https:\/\/www.stadtwerke-zerbst.de\/gsz\/wp-content\/uploads\/2015\/11\/1200px-Zerbst-1650-Merian-300x73.jpg 300w, https:\/\/www.stadtwerke-zerbst.de\/gsz\/wp-content\/uploads\/2015\/11\/1200px-Zerbst-1650-Merian-1024x249.jpg 1024w\" sizes=\"auto, (max-width: 800px) 100vw, 800px\" \/><\/p>\n<p>&nbsp;<\/p>\n<h2>Unternehmensgeschichte<\/h2>\n<hr style=\"width: 100%; height: 1px; margin-left: 70 px; margin-right: 70 px; color: #48b193;\" \/>\n<p>Am 20. M\u00e4rz 1992 wurde in M\u00fcnchen in den R\u00e4umen der Th\u00fcga AG mit einem Gesellschaftervertrag die <strong>Gasstadtwerke Zerbst GmbH<\/strong> gegr\u00fcndet.<\/p>\n<p>Am 12. Oktober 1992 begannen die Gasstadtwerke Zerbst und die Erdgas Mittelsachsen GmbH mit der etappenweisen Umstellung auf die Erdgasversorgung. Die Stadt wurde in neun Umstellbezirke aufgeteilt.<\/p>\n<p>1. Am 13. September 1993 haben die Treuhandanstalt Berlin und die Stadt Zerbst einen notariell beurkundeten Vertrag \u00fcber die Abtrennung von 49 % des Stammkapitals der Gasversorgung Zerbst GmbH, das ist ein Gesch\u00e4ftsanteil in H\u00f6he von 24500,- DM, auf die Stadt Zerbst geschlossen.<\/p>\n<p>2. Die Gasversorgung Zerbst GmbH wurde als Gesellschaft durch Abspaltung vom ehemaligen Verm\u00f6gen des Energiekombinates Magdeburg \u00fcber die Gasversorgung S\u00fcd GmbH am 14.5.1993 in das Handelsregister Magdeburg (HRG 5256) gegr\u00fcndet.<\/p>\n<p>3. In dem zwischen der Stadt Zerbst, den Stadtwerken Zerbst GmbH sowie der Th\u00fcga\/FSG geschlossenen Konsortialvertrages ist gem\u00e4\u00df \u00a7 1 Ziffer 3 vereinbart, dass die Stadt Zerbst ihre Gesch\u00e4ftsanteile an der Spaltgesellschaft &#8211; Gasversorgung Zerbst GmbH -, auf die Stadtwerke Zerbst GmbH unentgeltlich \u00fcbertr\u00e4gt. Gleichzeitig verpflichten sich Th\u00fcga\/FSG 2% Gesch\u00e4ftsanteile, das sind 1000,- DM, auf die Stadt Zerbst bzw. Stadtwerke Zerbst GmbH zu \u00fcbertragen, so dass die Stadtwerke Zerbst GmbH Mehrheitsgesellschafter an der Spaltgesellschaft Gasversorgung Zerbst GmbH werden.<\/p>\n<p>4. Nach \u00dcbertragung der Gesch\u00e4ftsanteile der Stadt Zerbst an die Gasversorgung Zerbst GmbH auf die Stadtwerke Zerbst GmbH ist vorgesehen, die Spaltgesellschaft Gasversorgung Zerbst GmbH auf die bereits bestehende Gasstadtwerke Zerbst zu verschmelzen.<\/p>\n<p>Bei den Gasstadtwerken Zerbst GmbH halten die Stadtwerke Zerbst GmbH 51% der Gesch\u00e4ftsanteile.<\/p>\n<p>&nbsp;<\/p>\n","protected":false},"excerpt":{"rendered":"<p>&nbsp; Unternehmensgeschichte Am 20. M\u00e4rz 1992 wurde in M\u00fcnchen in den R\u00e4umen der Th\u00fcga AG mit einem Gesellschaftervertrag die Gasstadtwerke Zerbst GmbH gegr\u00fcndet. Am 12. Oktober 1992 begannen die Gasstadtwerke&#8230;<\/p>\n","protected":false},"author":1,"featured_media":0,"parent":0,"menu_order":0,"comment_status":"closed","ping_status":"closed","template":"","meta":{"_exactmetrics_skip_tracking":false,"_exactmetrics_sitenote_active":false,"_exactmetrics_sitenote_note":"","_exactmetrics_sitenote_category":0,"footnotes":""},"class_list":["post-107","page","type-page","status-publish"],"_links":{"self":[{"href":"https:\/\/www.stadtwerke-zerbst.de\/gsz\/wp-json\/wp\/v2\/pages\/107","targetHints":{"allow":["GET"]}}],"collection":[{"href":"https:\/\/www.stadtwerke-zerbst.de\/gsz\/wp-json\/wp\/v2\/pages"}],"about":[{"href":"https:\/\/www.stadtwerke-zerbst.de\/gsz\/wp-json\/wp\/v2\/types\/page"}],"author":[{"embeddable":true,"href":"https:\/\/www.stadtwerke-zerbst.de\/gsz\/wp-json\/wp\/v2\/users\/1"}],"replies":[{"embeddable":true,"href":"https:\/\/www.stadtwerke-zerbst.de\/gsz\/wp-json\/wp\/v2\/comments?post=107"}],"version-history":[{"count":4,"href":"https:\/\/www.stadtwerke-zerbst.de\/gsz\/wp-json\/wp\/v2\/pages\/107\/revisions"}],"predecessor-version":[{"id":742,"href":"https:\/\/www.stadtwerke-zerbst.de\/gsz\/wp-json\/wp\/v2\/pages\/107\/revisions\/742"}],"wp:attachment":[{"href":"https:\/\/www.stadtwerke-zerbst.de\/gsz\/wp-json\/wp\/v2\/media?parent=107"}],"curies":[{"name":"wp","href":"https:\/\/api.w.org\/{rel}","templated":true}]}}